{"id":5,"date":"2021-05-29T12:57:35","date_gmt":"2021-05-29T15:57:35","guid":{"rendered":"http:\/\/willamisrodrigues.com\/labagua\/?page_id=5"},"modified":"2021-09-23T15:28:47","modified_gmt":"2021-09-23T18:28:47","slug":"home","status":"publish","type":"page","link":"https:\/\/institutovotorantim.org.br\/labagua\/","title":{"rendered":"Home"},"content":{"rendered":"\n\n\t<a href=\"https:\/\/institutovotorantim.org.br\/labagua\/wp-content\/uploads\/2021\/07\/Selecionados-Lab-Agua-v2.pdf\" target=\"_blank\" rel=\"noopener\">\n\tA Votorantim Energia<br \/>\ne o Instituto Votorantim<br \/>\ntrabalham lado a lado<br \/>\npara solucionar o que<br \/>\n\u00e9 urgente e essencial<br \/>\npara a vida das pessoas:<br \/>\npossibilitar o acesso \u00e0 \u00e1gua.\n<p>&nbsp;<\/p>\n\t\t\t\t<img loading=\"lazy\" decoding=\"async\" src=\"https:\/\/institutovotorantim.org.br\/labagua\/wp-content\/uploads\/2021\/09\/divisor1.png\" alt=\"divisor1\" itemprop=\"image\" height=\"7\" width=\"79\" title=\"divisor1\" onerror=\"this.style.display='none'\"  \/>\n<h2>\n\t\tO QUE \u00c9 O PROGRAMA\n\t<\/h2>\n\t\t\t\t<img loading=\"lazy\" decoding=\"async\" src=\"https:\/\/institutovotorantim.org.br\/labagua\/wp-content\/uploads\/2021\/09\/divisor1.png\" alt=\"divisor1\" itemprop=\"image\" height=\"7\" width=\"79\" title=\"divisor1\" onerror=\"this.style.display='none'\"  \/>\n\t\t\t\t<img loading=\"lazy\" decoding=\"async\" src=\"https:\/\/institutovotorantim.org.br\/labagua\/wp-content\/uploads\/2021\/06\/ladrilho-final2021.png\" alt=\"ladrilho-final2021\" itemprop=\"image\" height=\"154\" width=\"167\" title=\"ladrilho-final2021\" onerror=\"this.style.display='none'\"  \/>\n\t<p>O Lab \u00c1gua \u00e9 um programa gratuito realizado pela Votorantim Energia e pelo Instituto Votorantim que tem como objetivo mitigar o problema da escassez de \u00e1gua no semi\u00e1rido.<\/p>\n\t\n<h2>\n\t\tACELERA\u00c7\u00c3O\n\t<\/h2>\n\t<p>A primeira etapa do programa de acelera\u00e7\u00e3o \u00e9 100% online para at\u00e9 20 iniciativas que queiram resolver o problema da escassez hidr\u00edca da Serra do In\u00e1cio.<\/p>\n<h2>\n\t\tDEMODAY\n\t<\/h2>\n\t<p>Ap\u00f3s o processo de acelera\u00e7\u00e3o, ser\u00e3o escolhidas at\u00e9 5 iniciativas para receber o capital semente e prototipar as solu\u00e7\u00f5es desenvolvidas, no territ\u00f3rio.<\/p>\n<h2>\n\t\tBOOTCAMP\n\t<\/h2>\n\t<p>Na etapa do bootcamp, as selecionadas ir\u00e3o a campo para testar em campo as solu\u00e7\u00f5es com o suporte do Instituto, da Votorantim Energia e de uma rede de mentores locais!<\/p>\n\t\t\t\t<img loading=\"lazy\" decoding=\"async\" src=\"https:\/\/institutovotorantim.org.br\/labagua\/wp-content\/uploads\/2021\/06\/ladrilho-final2021.png\" alt=\"ladrilho-final2021\" itemprop=\"image\" height=\"154\" width=\"167\" title=\"ladrilho-final2021\" onerror=\"this.style.display='none'\"  \/>\n<h2>\n\t\tO QUE BUSCAMOS\n\t<\/h2>\n\t<p>Solu\u00e7\u00f5es que melhorem a qualidade de vida das pessoas que vivem na Serra do In\u00e1cio garantindo acesso \u00e0 \u00e1gua, sa\u00fade e soberania alimentar o ano inteiro.<\/p>\n\t\t\t\t<img loading=\"lazy\" decoding=\"async\" src=\"https:\/\/institutovotorantim.org.br\/labagua\/wp-content\/uploads\/2021\/09\/divisor-7.1.jpg\" alt=\"divisor-7.1\" itemprop=\"image\" height=\"8\" width=\"74\" title=\"divisor-7.1\" onerror=\"this.style.display='none'\"  \/>\n<h2>\n\t\tO QUE BUSCAMOS\n\t<\/h2>\n\t\t\t\t<img loading=\"lazy\" decoding=\"async\" src=\"https:\/\/institutovotorantim.org.br\/labagua\/wp-content\/uploads\/2021\/09\/divisor-7.1.jpg\" alt=\"divisor-7.1\" itemprop=\"image\" height=\"8\" width=\"74\" title=\"divisor-7.1\" onerror=\"this.style.display='none'\"  \/>\n\t<p>N\u00f3s buscamos solu\u00e7\u00f5es que contribuam para a resolu\u00e7\u00e3o do problema da escassez h\u00eddrica e que auxiliem o contexto de conviv\u00eancia com o semi\u00e1rido na Serra do In\u00e1cio, devendo se enquadrar dentro de cinco categorias. Voc\u00ea tem uma solu\u00e7\u00e3o em uma dessas categorias que j\u00e1 tenha um MVP validado ou em valida\u00e7\u00e3o, mas com grau de maturidade para a realiza\u00e7\u00e3o de um teste em campo? Ent\u00e3o, inscreva-se no nosso programa!<\/p>\n<h2>\n\t\tUtiliza\u00e7\u00e3o eficaz de \u00e1gua na produ\u00e7\u00e3o agr\u00edcola\n\t<\/h2>\n\t<p>(reutiliza\u00e7\u00e3o e baixa utiliza\u00e7\u00e3o)<\/p>\n\t\t\t<\/a><a href=\"#\" role=\"button\">\n\t\t\t\t\t\t\tSAIBA MAIS +\n\t\t\t\t\t<\/a>\n\t\t<strong> 1.\tUtiliza\u00e7\u00e3o eficaz de \u00e1gua na produ\u00e7\u00e3o agr\u00edcola <\/strong> (reutiliza\u00e7\u00e3o e baixa utiliza\u00e7\u00e3o)\nSolu\u00e7\u00f5es focadas na otimiza\u00e7\u00e3o do uso de \u00e1guas para produ\u00e7\u00e3o agr\u00edcola apoiando o eixo de garantia \u00e0 soberania alimentar das fam\u00edlias da Serra do In\u00e1cio e uma produ\u00e7\u00e3o sustent\u00e1vel de ativos para consumo pr\u00f3prio e comercializa\u00e7\u00e3o.\t\n<h2>\n\t\tAdaptabilidade \u00e0 escassez de \u00e1gua\n\t<\/h2>\n\t<p>(modelos de neg\u00f3cios e novas tecnologias)<\/p>\n\t\t\t<a href=\"#\" role=\"button\">\n\t\t\t\t\t\t\tSAIBA MAIS +\n\t\t\t\t\t<\/a>\n\t\t<strong> 2. Adaptabilidade \u00e0 escassez de \u00e1gua <\/strong>(modelos de neg\u00f3cio e novas tecnologias)\nSolu\u00e7\u00f5es que tragam uma proposta de resili\u00eancia e conviv\u00eancia com o contexto complexo de escassez de \u00e1gua no semi\u00e1rido, levando em considera\u00e7\u00e3o possibilidades de lidar com a aus\u00eancia de \u00e1gua durante um longo per\u00edodo de tempo.\t\n<h2>\n\t\tReutiliza\u00e7\u00e3o de \u00e1gua\n\t<\/h2>\n\t<p>(novas tecnologias e avalia\u00e7\u00e3o da qualidade das \u00e1guas de reuso)<\/p>\n\t\t\t<a href=\"#\" role=\"button\">\n\t\t\t\t\t\t\tSAIBA MAIS +\n\t\t\t\t\t<\/a>\n\t\t<strong> 3. Reutiliza\u00e7\u00e3o de \u00e1gua<\/strong> (novas tecnologias e avalia\u00e7\u00e3o da qualidade das \u00e1guas de reuso)\nSolu\u00e7\u00f5es e novas tecnologias que estejam focadas na avalia\u00e7\u00e3o e cria\u00e7\u00e3o de alternativas para reutiliza\u00e7\u00e3o e tratamento de \u00e1gua em diversas possibilidades de consumo no contexto do semi\u00e1rido.\t\n<h2>\n\t\tAn\u00e1lise dos cen\u00e1rios futuros no contexto das mudan\u00e7as clim\u00e1ticas\n\t<\/h2>\n\t\t\t<a href=\"#\" role=\"button\">\n\t\t\t\t\t\t\tSAIBA MAIS +\n\t\t\t\t\t<\/a>\n\t\t<strong> 4. An\u00e1lise dos cen\u00e1rios futuros no contexto das mudan\u00e7as clim\u00e1ticas <\/strong>\nSolu\u00e7\u00f5es focadas na an\u00e1lise de riscos futuros e mitiga\u00e7\u00e3o dos efeitos das mudan\u00e7as clim\u00e1ticas no contexto de semi\u00e1rido, possibilitando uma reflex\u00e3o sobre como os moradores da Serra do In\u00e1cio podem lidar com a escassez de \u00e1gua numa perspectiva sist\u00eamica, integrada e complexa, alinhadas \u00e0 agenda ambiental e econ\u00f4mica global.\t\n<h2>\n\t\tAmplia\u00e7\u00e3o da infiltra\u00e7\u00e3o <br \/> de \u00e1gua\n\t<\/h2>\n\t<p>(recomposi\u00e7\u00e3o florestal)<\/p>\n\t\t\t<a href=\"#\" role=\"button\">\n\t\t\t\t\t\t\tSAIBA MAIS +\n\t\t\t\t\t<\/a>\n\t\t<strong> 5. Amplia\u00e7\u00e3o da infiltra\u00e7\u00e3o de \u00e1gua<\/strong> (recomposi\u00e7\u00e3o florestal) \nSolu\u00e7\u00f5es que apoiem a amplia\u00e7\u00e3o da infiltra\u00e7\u00e3o de \u00e1gua no contexto do semi\u00e1rido, contribuindo com a diminui\u00e7\u00e3o da perda de \u00e1gua, reabastecimento de aqu\u00edferos e cria\u00e7\u00e3o de microclimas com diminui\u00e7\u00e3o de temperatura. Amplia\u00e7\u00e3o e fortalecimento de Sistemas Agroflorestais, sendo uma alternativa sustent\u00e1vel para trazer ganhos ambientais e sociais de longo prazo.\t\n\t\t\t<a href=\"https:\/\/institutovotorantim.org.br\/labagua\/wp-content\/uploads\/2021\/07\/Selecionados-Lab-Agua-v2.pdf\" target=\"_blank\" role=\"button\" rel=\"noopener\">\n\t\t\t\t\t\t\tCONFIRA O RESULTADO\n\t\t\t\t\t<\/a>\n\t\t\t\t<img loading=\"lazy\" decoding=\"async\" src=\"https:\/\/institutovotorantim.org.br\/labagua\/wp-content\/uploads\/2021\/09\/divisor5.1.png\" alt=\"divisor5.1\" itemprop=\"image\" height=\"7\" width=\"73\" title=\"divisor5.1\" onerror=\"this.style.display='none'\"  \/>\n<h2>\n\t\tPOR QUE PARTICIPAR\n\t<\/h2>\n\t\t\t\t<img loading=\"lazy\" decoding=\"async\" src=\"https:\/\/institutovotorantim.org.br\/labagua\/wp-content\/uploads\/2021\/09\/divisor5.1.png\" alt=\"divisor5.1\" itemprop=\"image\" height=\"7\" width=\"73\" title=\"divisor5.1\" onerror=\"this.style.display='none'\"  \/>\n\t<p>O programa de acelera\u00e7\u00e3o \u00e9 100% online, centrado no empreendedor de forma que as solu\u00e7\u00f5es conhe\u00e7am o territ\u00f3rio, acessem uma rede de mentores especialistas, desenvolvam o modelo de neg\u00f3cios, interajam com outros empreendedores, cocriem com a comunidade, apronfudem o impacto social e acelerem as solu\u00e7\u00f5es propostas. Tudo isso em um ambiente de colabora\u00e7\u00e3o que far\u00e1 a sua iniciativa decolar!<\/p>\n\t<h2>Programa<br \/>\nintensivo de<br \/>\nAcelera\u00e7\u00e3o para<br \/>\na iniciativa<\/h2>\n\t<h2>Mentores<br \/>\nespecialistas da<br \/>\nVotorantim Energia<br \/>\ne do Instituto<br \/>\nVotorantim<\/h2>\n\t<h2>Territ\u00f3rio do<br \/>\nsemi\u00e1rido para<br \/>\nprototipa\u00e7\u00e3o<\/h2>\n\t<h2>Seed Money<br \/>\npara<br \/>\nprototipa\u00e7\u00e3o<\/h2>\n\t<h2>Networking<br \/>\ncom outros<br \/>\nempreendedores<br \/>\ne iniciativas do<br \/>\necossistema<\/h2>\n\t<h2>Possibilidade de codesign da solu\u00e7\u00e3o com a comunidade local<\/h2>\n\t\t\t\t<img loading=\"lazy\" decoding=\"async\" src=\"https:\/\/institutovotorantim.org.br\/labagua\/wp-content\/uploads\/2021\/06\/step.png\" alt=\"step\" itemprop=\"image\" height=\"9\" width=\"75\" title=\"step\" onerror=\"this.style.display='none'\"  \/>\n<h2>\n\t\tETAPAS DO LAB\n\t<\/h2>\n\t\t\t\t<img loading=\"lazy\" decoding=\"async\" src=\"https:\/\/institutovotorantim.org.br\/labagua\/wp-content\/uploads\/2021\/06\/step.png\" alt=\"step\" itemprop=\"image\" height=\"9\" width=\"75\" title=\"step\" onerror=\"this.style.display='none'\"  \/>\n\t\t\t\t<img loading=\"lazy\" decoding=\"async\" src=\"https:\/\/institutovotorantim.org.br\/labagua\/wp-content\/uploads\/2021\/06\/etapas-cm.png\" alt=\"etapas-cm\" itemprop=\"image\" height=\"88\" width=\"901\" title=\"etapas-cm\" onerror=\"this.style.display='none'\"  \/>\n\t\t\t\t<img decoding=\"async\" src=\"http:\/\/willamisrodrigues.com\/labagua\/wp-content\/uploads\/2021\/06\/1.1.png\" alt=\"1.1\" itemprop=\"image\" title=\"1.1\" onerror=\"this.style.display='none'\"  \/>\n<h4>\n\t\tInscri\u00e7\u00f5es<br \/> at\u00e9 07\/07\n\t<\/h4>\n\t\t\t\t<img decoding=\"async\" src=\"http:\/\/willamisrodrigues.com\/labagua\/wp-content\/uploads\/2021\/06\/2.png\" alt=\"2\" itemprop=\"image\" title=\"2\" onerror=\"this.style.display='none'\"  \/>\n<h4>\n\t\tSele\u00e7\u00e3o de at\u00e9 <br \/> 20 iniciativas <br \/> para o programa <br \/> de acelera\u00e7\u00e3o 08\/07\n\t<\/h4>\n\t\t\t\t<img decoding=\"async\" src=\"http:\/\/willamisrodrigues.com\/labagua\/wp-content\/uploads\/2021\/06\/3.png\" alt=\"3\" itemprop=\"image\" title=\"3\" onerror=\"this.style.display='none'\"  \/>\n<h4>\n\t\tDemoday <br \/>Setembro\/<br \/> 2021\n\t<\/h4>\n\t\t\t\t<img decoding=\"async\" src=\"http:\/\/willamisrodrigues.com\/labagua\/wp-content\/uploads\/2021\/06\/4.png\" alt=\"4\" itemprop=\"image\" title=\"4\" onerror=\"this.style.display='none'\"  \/>\n<h4>\n\t\tSele\u00e7\u00e3o das iniciativas que ir\u00e3o receber Seed Money e far\u00e3o a prototipa\u00e7\u00e3o em campo Setembro\/2021\n\t<\/h4>\n\t\t\t\t<img decoding=\"async\" src=\"http:\/\/willamisrodrigues.com\/labagua\/wp-content\/uploads\/2021\/06\/5.png\" alt=\"5\" itemprop=\"image\" title=\"5\" onerror=\"this.style.display='none'\"  \/>\n<h4>\n\t\tIn\u00edcio da etapa <br \/> de testes das iniciativas selecionadas Outubro\/2021 a Dezembro\/2021\n\t<\/h4>\n\t\t\t\t<img loading=\"lazy\" decoding=\"async\" src=\"https:\/\/institutovotorantim.org.br\/labagua\/wp-content\/uploads\/2021\/09\/divisor1.png\" alt=\"divisor1\" itemprop=\"image\" height=\"7\" width=\"79\" title=\"divisor1\" onerror=\"this.style.display='none'\"  \/>\n<h2>\n\t\tREALIZADORES\n\t<\/h2>\n\t\t\t\t<img loading=\"lazy\" decoding=\"async\" src=\"https:\/\/institutovotorantim.org.br\/labagua\/wp-content\/uploads\/2021\/09\/divisor1.png\" alt=\"divisor1\" itemprop=\"image\" height=\"7\" width=\"79\" title=\"divisor1\" onerror=\"this.style.display='none'\"  \/>\n\t\t\t\t<img loading=\"lazy\" decoding=\"async\" src=\"https:\/\/institutovotorantim.org.br\/labagua\/wp-content\/uploads\/2021\/09\/votorantim-energia2021.png\" alt=\"votorantim-energia2021\" itemprop=\"image\" height=\"52\" width=\"218\" title=\"votorantim-energia2021\" onerror=\"this.style.display='none'\"  \/>\n\t<p>A Votorantim Energia atua na gera\u00e7\u00e3o, solu\u00e7\u00f5es e comercializa\u00e7\u00e3o de energia. \u00c9 respons\u00e1vel pela gest\u00e3o de 19 usinas hidrel\u00e9tricas, participa\u00e7\u00e3o em 9 cons\u00f3rcios e 21 parques e\u00f3licos, totalizando 2,6 GW de pot\u00eancia instalada.<\/p>\n\t<p>A empresa figura entre as tr\u00eas maiores comercializadoras de energia do Pa\u00eds, com volume transacionado de 2,2 GW m\u00e9dios. Somente nos \u00faltimos cinco anos, sua carteira passou de 93 para mais de 400 clientes.<\/p>\n\t<p>O neg\u00f3cio de Comercializa\u00e7\u00e3o e Gest\u00e3o de Ativos registrou uma receita l\u00edquida de R$ 3,6 bilh\u00f5es em 2020.Tudo isso permeado por inova\u00e7\u00e3o, tecnologia e a ado\u00e7\u00e3o de melhores pr\u00e1ticas ambientais, sociais e de governan\u00e7a, assegurando valor compartilhado para os diferentes stakeholders.<\/p>\n\t\t\t\t<img loading=\"lazy\" decoding=\"async\" src=\"https:\/\/institutovotorantim.org.br\/labagua\/wp-content\/uploads\/2021\/09\/divisor6.1.png\" alt=\"divisor6.1\" itemprop=\"image\" height=\"560\" width=\"26\" title=\"divisor6.1\" onerror=\"this.style.display='none'\"  \/>\n\t\t\t\t<img loading=\"lazy\" decoding=\"async\" src=\"https:\/\/institutovotorantim.org.br\/labagua\/wp-content\/uploads\/2021\/09\/logo-votorantim2021.png\" alt=\"logo-votorantim2021\" itemprop=\"image\" height=\"45\" width=\"195\" title=\"logo-votorantim2021\" onerror=\"this.style.display='none'\"  \/>\n\t<p>O Instituto Votorantim \u00e9 um centro de intelig\u00eancia aplicada que desenvolve solu\u00e7\u00f5es socioambientais que geram valor para a sociedade.<\/p>\n\t<p>Criado em 2002, o Instituto \u00e9 o parceiro estrat\u00e9gico das empresas investidas da Votorantim em a\u00e7\u00f5es voltadas ao desenvolvimento local sustent\u00e1vel, contribuindo para a melhoria da qualidade de vida das regi\u00f5es onde as empresas operam.<\/p>\n\t<p>\u00c0 frente de a\u00e7\u00f5es em mais de cem munic\u00edpios de todo o Brasil e ainda na Col\u00f4mbia, na Argentina e no Peru, o Instituto redirecionou a grande maioria dos mais de 300 projetos que realiza nas cinco regi\u00f5es do Brasil para o enfrentamento dos efeitos da Covid-19.<\/p>\n\t\t\t\t<img loading=\"lazy\" decoding=\"async\" src=\"https:\/\/institutovotorantim.org.br\/labagua\/wp-content\/uploads\/2021\/09\/divisor5.1.png\" alt=\"divisor5.1\" itemprop=\"image\" height=\"7\" width=\"73\" title=\"divisor5.1\" onerror=\"this.style.display='none'\"  \/>\n<h2>\n\t\tD\u00daVIDAS FREQUENTES\n\t<\/h2>\n\t\t\t\t<img loading=\"lazy\" decoding=\"async\" src=\"https:\/\/institutovotorantim.org.br\/labagua\/wp-content\/uploads\/2021\/09\/divisor5.1.png\" alt=\"divisor5.1\" itemprop=\"image\" height=\"7\" width=\"73\" title=\"divisor5.1\" onerror=\"this.style.display='none'\"  \/>\n\t<p>Nesse documento voc\u00ea encontra as principais informa\u00e7\u00f5es sobre o programa, \u00e9 s\u00f3 clicar e baixar o documento.<\/p>\n\t\t\t<a href=\"https:\/\/institutovotorantim.org.br\/labagua\/pdfs\/faq.zip\" target=\"_blank\" role=\"button\" rel=\"noopener\">\n\t\t\t\t\t\t\tQUERO SABER MAIS SOBRE O PROGRAMA\n\t\t\t\t\t<\/a>\n\t<p>Ficou com alguma d\u00favida que n\u00e3o est\u00e1 no nosso FAQ?<\/p>\n<a href=\"https:\/\/institutovotorantim.org.br\/labagua\/pdfs\/regulamento.zip\" target=\"_blank\" rel=\"noopener\"><strong>Clique aqui <\/strong> <\/a> e baixe nosso regulamento ou envie um e-mail para <a href=\"mailto:contato@institutovotorantim.org.br\"><strong>contato@institutovotorantim.org.br<\/strong><\/a><br \/>\nque responderemos o mais breve poss\u00edvel.\n\t<!-- Global site tag (gtag.js) - Google Analytics -->\n\n","protected":false},"excerpt":{"rendered":"<p>A Votorantim Energia e o Instituto Votorantim trabalham lado a lado para solucionar o que \u00e9 urgente e essencial para a vida das pessoas: possibilitar o acesso \u00e0 \u00e1gua. &nbsp; O QUE \u00c9 O PROGRAMA O Lab \u00c1gua \u00e9 um programa gratuito realizado pela Votorantim Energia e pelo Instituto Votorantim que tem como objetivo mitigar o problema da escassez de \u00e1gua no semi\u00e1rido. ACELERA\u00c7\u00c3O A primeira etapa do programa de acelera\u00e7\u00e3o \u00e9 100% online para at\u00e9 20 iniciativas que queiram resolver o problema da escassez hidr\u00edca da Serra do In\u00e1cio. DEMODAY Ap\u00f3s o processo de acelera\u00e7\u00e3o, ser\u00e3o escolhidas at\u00e9 5\u2026<\/p>\n","protected":false},"author":1,"featured_media":0,"parent":0,"menu_order":0,"comment_status":"closed","ping_status":"closed","template":"","meta":{"footnotes":""},"class_list":["post-5","page","type-page","status-publish","hentry"],"blocksy_meta":{"styles_descriptor":{"styles":{"desktop":"","tablet":"","mobile":""},"google_fonts":[]}},"_links":{"self":[{"href":"https:\/\/institutovotorantim.org.br\/labagua\/wp-json\/wp\/v2\/pages\/5","targetHints":{"allow":["GET"]}}],"collection":[{"href":"https:\/\/institutovotorantim.org.br\/labagua\/wp-json\/wp\/v2\/pages"}],"about":[{"href":"https:\/\/institutovotorantim.org.br\/labagua\/wp-json\/wp\/v2\/types\/page"}],"author":[{"embeddable":true,"href":"https:\/\/institutovotorantim.org.br\/labagua\/wp-json\/wp\/v2\/users\/1"}],"replies":[{"embeddable":true,"href":"https:\/\/institutovotorantim.org.br\/labagua\/wp-json\/wp\/v2\/comments?post=5"}],"version-history":[{"count":201,"href":"https:\/\/institutovotorantim.org.br\/labagua\/wp-json\/wp\/v2\/pages\/5\/revisions"}],"predecessor-version":[{"id":583,"href":"https:\/\/institutovotorantim.org.br\/labagua\/wp-json\/wp\/v2\/pages\/5\/revisions\/583"}],"wp:attachment":[{"href":"https:\/\/institutovotorantim.org.br\/labagua\/wp-json\/wp\/v2\/media?parent=5"}],"curies":[{"name":"wp","href":"https:\/\/api.w.org\/{rel}","templated":true}]}}